{"id":728,"date":"2023-08-04T14:23:59","date_gmt":"2023-08-04T19:23:59","guid":{"rendered":"https:\/\/betparches.niixer.com\/?post_type=product&#038;p=728"},"modified":"2023-08-11T09:03:59","modified_gmt":"2023-08-11T14:03:59","slug":"gorra-nino-malla-mfc-2","status":"publish","type":"product","link":"https:\/\/betparches.niixer.com\/index.php\/producto\/gorra-nino-malla-mfc-2\/","title":{"rendered":"GORRA NI\u00d1O MALLA MFC"},"content":{"rendered":"<p>Una gorra para ni\u00f1o de malla MFC es un accesorio deportivo y fresco dise\u00f1ado especialmente para los j\u00f3venes seguidores del equipo de f\u00fatbol colombiano \u00abMillonarios\u00bb. Esta gorra est\u00e1 confeccionada con malla transpirable en la parte posterior para mayor comodidad y ventilaci\u00f3n en d\u00edas calurosos.<\/p>\n","protected":false},"excerpt":{"rendered":"<p>No usar Lej\u00eda\/ Cloro<\/p>\n","protected":false},"featured_media":729,"comment_status":"open","ping_status":"closed","template":"","meta":{"_joinchat":[]},"product_brand":[],"product_cat":[130],"product_tag":[133,131,58,98,63],"class_list":{"0":"post-728","1":"product","2":"type-product","3":"status-publish","4":"has-post-thumbnail","6":"product_cat-gorra","7":"product_tag-cachucha","8":"product_tag-gorra","9":"product_tag-mfc","10":"product_tag-millonarios-fc","11":"product_tag-ninos","12":"post-thumbnail-displayed","14":"first","15":"instock","16":"taxable","17":"shipping-taxable","18":"purchasable","19":"product-type-simple"},"yoast_head":"<!-- This site is optimized with the Yoast SEO plugin v27.3 - https:\/\/yoast.com\/product\/yoast-seo-wordpress\/ -->\n<title>GORRA NI\u00d1O MALLA MFC - BetParches Shop<\/title>\n<meta name=\"description\" content=\"Una gorra para ni\u00f1o de malla MFC es un accesorio deportivo y fresco dise\u00f1ado especialmente para los j\u00f3venes seguidores del equipo de f\u00fatbol colombiano.\" \/>\n<meta name=\"robots\" content=\"noindex, follow, max-snippet:-1, max-image-preview:large, max-video-preview:-1\" \/>\n<meta property=\"og:locale\" content=\"es_ES\" \/>\n<meta property=\"og:type\" content=\"article\" \/>\n<meta property=\"og:title\" content=\"GORRA NI\u00d1O MALLA MFC - BetParches Shop\" \/>\n<meta property=\"og:description\" content=\"Una gorra para ni\u00f1o de malla MFC es un accesorio deportivo y fresco dise\u00f1ado especialmente para los j\u00f3venes seguidores del equipo de f\u00fatbol colombiano.\" \/>\n<meta property=\"og:url\" content=\"https:\/\/betparches.niixer.com\/index.php\/producto\/gorra-nino-malla-mfc-2\/\" \/>\n<meta property=\"og:site_name\" content=\"BetParches Shop\" \/>\n<meta property=\"article:modified_time\" content=\"2023-08-11T14:03:59+00:00\" \/>\n<meta property=\"og:image\" content=\"http:\/\/betparches.niixer.com\/wp-content\/uploads\/2023\/08\/Gorra-parche-boradado-Blanca-Azul-MillonariosFC.webp\" \/>\n\t<meta property=\"og:image:width\" content=\"1500\" \/>\n\t<meta property=\"og:image:height\" content=\"1500\" \/>\n\t<meta property=\"og:image:type\" content=\"image\/webp\" \/>\n<meta name=\"twitter:card\" content=\"summary_large_image\" \/>\n<meta name=\"twitter:label1\" content=\"Tiempo de lectura\" \/>\n\t<meta name=\"twitter:data1\" content=\"1 minuto\" \/>\n<script type=\"application\/ld+json\" class=\"yoast-schema-graph\">{\"@context\":\"https:\\\/\\\/schema.org\",\"@graph\":[{\"@type\":\"WebPage\",\"@id\":\"https:\\\/\\\/betparches.niixer.com\\\/index.php\\\/producto\\\/gorra-nino-malla-mfc-2\\\/\",\"url\":\"https:\\\/\\\/betparches.niixer.com\\\/index.php\\\/producto\\\/gorra-nino-malla-mfc-2\\\/\",\"name\":\"GORRA NI\u00d1O MALLA MFC - BetParches Shop\",\"isPartOf\":{\"@id\":\"https:\\\/\\\/betparches.niixer.com\\\/#website\"},\"primaryImageOfPage\":{\"@id\":\"https:\\\/\\\/betparches.niixer.com\\\/index.php\\\/producto\\\/gorra-nino-malla-mfc-2\\\/#primaryimage\"},\"image\":{\"@id\":\"https:\\\/\\\/betparches.niixer.com\\\/index.php\\\/producto\\\/gorra-nino-malla-mfc-2\\\/#primaryimage\"},\"thumbnailUrl\":\"https:\\\/\\\/betparches.niixer.com\\\/wp-content\\\/uploads\\\/2023\\\/08\\\/Gorra-parche-boradado-Blanca-Azul-MillonariosFC.webp\",\"datePublished\":\"2023-08-04T19:23:59+00:00\",\"dateModified\":\"2023-08-11T14:03:59+00:00\",\"description\":\"Una gorra para ni\u00f1o de malla MFC es un accesorio deportivo y fresco dise\u00f1ado especialmente para los j\u00f3venes seguidores del equipo de f\u00fatbol colombiano.\",\"breadcrumb\":{\"@id\":\"https:\\\/\\\/betparches.niixer.com\\\/index.php\\\/producto\\\/gorra-nino-malla-mfc-2\\\/#breadcrumb\"},\"inLanguage\":\"es\",\"potentialAction\":[{\"@type\":\"ReadAction\",\"target\":[\"https:\\\/\\\/betparches.niixer.com\\\/index.php\\\/producto\\\/gorra-nino-malla-mfc-2\\\/\"]}]},{\"@type\":\"ImageObject\",\"inLanguage\":\"es\",\"@id\":\"https:\\\/\\\/betparches.niixer.com\\\/index.php\\\/producto\\\/gorra-nino-malla-mfc-2\\\/#primaryimage\",\"url\":\"https:\\\/\\\/betparches.niixer.com\\\/wp-content\\\/uploads\\\/2023\\\/08\\\/Gorra-parche-boradado-Blanca-Azul-MillonariosFC.webp\",\"contentUrl\":\"https:\\\/\\\/betparches.niixer.com\\\/wp-content\\\/uploads\\\/2023\\\/08\\\/Gorra-parche-boradado-Blanca-Azul-MillonariosFC.webp\",\"width\":1500,\"height\":1500,\"caption\":\"Gorra-parche-boradado-Blanca-Azul-MillonariosFC\"},{\"@type\":\"BreadcrumbList\",\"@id\":\"https:\\\/\\\/betparches.niixer.com\\\/index.php\\\/producto\\\/gorra-nino-malla-mfc-2\\\/#breadcrumb\",\"itemListElement\":[{\"@type\":\"ListItem\",\"position\":1,\"name\":\"Portada\",\"item\":\"https:\\\/\\\/betparches.niixer.com\\\/\"},{\"@type\":\"ListItem\",\"position\":2,\"name\":\"Shop\",\"item\":\"https:\\\/\\\/betparches.niixer.com\\\/index.php\\\/shop\\\/\"},{\"@type\":\"ListItem\",\"position\":3,\"name\":\"GORRA NI\u00d1O MALLA MFC\"}]},{\"@type\":\"WebSite\",\"@id\":\"https:\\\/\\\/betparches.niixer.com\\\/#website\",\"url\":\"https:\\\/\\\/betparches.niixer.com\\\/\",\"name\":\"BetParches Shop\",\"description\":\"\",\"publisher\":{\"@id\":\"https:\\\/\\\/betparches.niixer.com\\\/#organization\"},\"potentialAction\":[{\"@type\":\"SearchAction\",\"target\":{\"@type\":\"EntryPoint\",\"urlTemplate\":\"https:\\\/\\\/betparches.niixer.com\\\/?s={search_term_string}\"},\"query-input\":{\"@type\":\"PropertyValueSpecification\",\"valueRequired\":true,\"valueName\":\"search_term_string\"}}],\"inLanguage\":\"es\"},{\"@type\":\"Organization\",\"@id\":\"https:\\\/\\\/betparches.niixer.com\\\/#organization\",\"name\":\"BetParches Shop\",\"url\":\"https:\\\/\\\/betparches.niixer.com\\\/\",\"logo\":{\"@type\":\"ImageObject\",\"inLanguage\":\"es\",\"@id\":\"https:\\\/\\\/betparches.niixer.com\\\/#\\\/schema\\\/logo\\\/image\\\/\",\"url\":\"https:\\\/\\\/betparches.niixer.com\\\/wp-content\\\/uploads\\\/2023\\\/08\\\/Logo_BetParches-Millonarios-1.webp\",\"contentUrl\":\"https:\\\/\\\/betparches.niixer.com\\\/wp-content\\\/uploads\\\/2023\\\/08\\\/Logo_BetParches-Millonarios-1.webp\",\"width\":339,\"height\":100,\"caption\":\"BetParches Shop\"},\"image\":{\"@id\":\"https:\\\/\\\/betparches.niixer.com\\\/#\\\/schema\\\/logo\\\/image\\\/\"}}]}<\/script>\n<!-- \/ Yoast SEO plugin. -->","yoast_head_json":{"title":"GORRA NI\u00d1O MALLA MFC - BetParches Shop","description":"Una gorra para ni\u00f1o de malla MFC es un accesorio deportivo y fresco dise\u00f1ado especialmente para los j\u00f3venes seguidores del equipo de f\u00fatbol colombiano.","robots":{"index":"noindex","follow":"follow","max-snippet":"max-snippet:-1","max-image-preview":"max-image-preview:large","max-video-preview":"max-video-preview:-1"},"og_locale":"es_ES","og_type":"article","og_title":"GORRA NI\u00d1O MALLA MFC - BetParches Shop","og_description":"Una gorra para ni\u00f1o de malla MFC es un accesorio deportivo y fresco dise\u00f1ado especialmente para los j\u00f3venes seguidores del equipo de f\u00fatbol colombiano.","og_url":"https:\/\/betparches.niixer.com\/index.php\/producto\/gorra-nino-malla-mfc-2\/","og_site_name":"BetParches Shop","article_modified_time":"2023-08-11T14:03:59+00:00","og_image":[{"width":1500,"height":1500,"url":"http:\/\/betparches.niixer.com\/wp-content\/uploads\/2023\/08\/Gorra-parche-boradado-Blanca-Azul-MillonariosFC.webp","type":"image\/webp"}],"twitter_card":"summary_large_image","twitter_misc":{"Tiempo de lectura":"1 minuto"},"schema":{"@context":"https:\/\/schema.org","@graph":[{"@type":"WebPage","@id":"https:\/\/betparches.niixer.com\/index.php\/producto\/gorra-nino-malla-mfc-2\/","url":"https:\/\/betparches.niixer.com\/index.php\/producto\/gorra-nino-malla-mfc-2\/","name":"GORRA NI\u00d1O MALLA MFC - BetParches Shop","isPartOf":{"@id":"https:\/\/betparches.niixer.com\/#website"},"primaryImageOfPage":{"@id":"https:\/\/betparches.niixer.com\/index.php\/producto\/gorra-nino-malla-mfc-2\/#primaryimage"},"image":{"@id":"https:\/\/betparches.niixer.com\/index.php\/producto\/gorra-nino-malla-mfc-2\/#primaryimage"},"thumbnailUrl":"https:\/\/betparches.niixer.com\/wp-content\/uploads\/2023\/08\/Gorra-parche-boradado-Blanca-Azul-MillonariosFC.webp","datePublished":"2023-08-04T19:23:59+00:00","dateModified":"2023-08-11T14:03:59+00:00","description":"Una gorra para ni\u00f1o de malla MFC es un accesorio deportivo y fresco dise\u00f1ado especialmente para los j\u00f3venes seguidores del equipo de f\u00fatbol colombiano.","breadcrumb":{"@id":"https:\/\/betparches.niixer.com\/index.php\/producto\/gorra-nino-malla-mfc-2\/#breadcrumb"},"inLanguage":"es","potentialAction":[{"@type":"ReadAction","target":["https:\/\/betparches.niixer.com\/index.php\/producto\/gorra-nino-malla-mfc-2\/"]}]},{"@type":"ImageObject","inLanguage":"es","@id":"https:\/\/betparches.niixer.com\/index.php\/producto\/gorra-nino-malla-mfc-2\/#primaryimage","url":"https:\/\/betparches.niixer.com\/wp-content\/uploads\/2023\/08\/Gorra-parche-boradado-Blanca-Azul-MillonariosFC.webp","contentUrl":"https:\/\/betparches.niixer.com\/wp-content\/uploads\/2023\/08\/Gorra-parche-boradado-Blanca-Azul-MillonariosFC.webp","width":1500,"height":1500,"caption":"Gorra-parche-boradado-Blanca-Azul-MillonariosFC"},{"@type":"BreadcrumbList","@id":"https:\/\/betparches.niixer.com\/index.php\/producto\/gorra-nino-malla-mfc-2\/#breadcrumb","itemListElement":[{"@type":"ListItem","position":1,"name":"Portada","item":"https:\/\/betparches.niixer.com\/"},{"@type":"ListItem","position":2,"name":"Shop","item":"https:\/\/betparches.niixer.com\/index.php\/shop\/"},{"@type":"ListItem","position":3,"name":"GORRA NI\u00d1O MALLA MFC"}]},{"@type":"WebSite","@id":"https:\/\/betparches.niixer.com\/#website","url":"https:\/\/betparches.niixer.com\/","name":"BetParches Shop","description":"","publisher":{"@id":"https:\/\/betparches.niixer.com\/#organization"},"potentialAction":[{"@type":"SearchAction","target":{"@type":"EntryPoint","urlTemplate":"https:\/\/betparches.niixer.com\/?s={search_term_string}"},"query-input":{"@type":"PropertyValueSpecification","valueRequired":true,"valueName":"search_term_string"}}],"inLanguage":"es"},{"@type":"Organization","@id":"https:\/\/betparches.niixer.com\/#organization","name":"BetParches Shop","url":"https:\/\/betparches.niixer.com\/","logo":{"@type":"ImageObject","inLanguage":"es","@id":"https:\/\/betparches.niixer.com\/#\/schema\/logo\/image\/","url":"https:\/\/betparches.niixer.com\/wp-content\/uploads\/2023\/08\/Logo_BetParches-Millonarios-1.webp","contentUrl":"https:\/\/betparches.niixer.com\/wp-content\/uploads\/2023\/08\/Logo_BetParches-Millonarios-1.webp","width":339,"height":100,"caption":"BetParches Shop"},"image":{"@id":"https:\/\/betparches.niixer.com\/#\/schema\/logo\/image\/"}}]}},"_links":{"self":[{"href":"https:\/\/betparches.niixer.com\/index.php\/wp-json\/wp\/v2\/product\/728","targetHints":{"allow":["GET"]}}],"collection":[{"href":"https:\/\/betparches.niixer.com\/index.php\/wp-json\/wp\/v2\/product"}],"about":[{"href":"https:\/\/betparches.niixer.com\/index.php\/wp-json\/wp\/v2\/types\/product"}],"replies":[{"embeddable":true,"href":"https:\/\/betparches.niixer.com\/index.php\/wp-json\/wp\/v2\/comments?post=728"}],"wp:featuredmedia":[{"embeddable":true,"href":"https:\/\/betparches.niixer.com\/index.php\/wp-json\/wp\/v2\/media\/729"}],"wp:attachment":[{"href":"https:\/\/betparches.niixer.com\/index.php\/wp-json\/wp\/v2\/media?parent=728"}],"wp:term":[{"taxonomy":"product_brand","embeddable":true,"href":"https:\/\/betparches.niixer.com\/index.php\/wp-json\/wp\/v2\/product_brand?post=728"},{"taxonomy":"product_cat","embeddable":true,"href":"https:\/\/betparches.niixer.com\/index.php\/wp-json\/wp\/v2\/product_cat?post=728"},{"taxonomy":"product_tag","embeddable":true,"href":"https:\/\/betparches.niixer.com\/index.php\/wp-json\/wp\/v2\/product_tag?post=728"}],"curies":[{"name":"wp","href":"https:\/\/api.w.org\/{rel}","templated":true}]}}